n be (-1 + -1)*(-14)/(-4). Let u be t(n). Let v(g) = g**2 + 4*g + 3. Let a be v(u). Calculate the greatest common factor of a and 105.
15
Let d = -5 + 9. Suppose c = d*c + 36. Let a = c - -18. Calculate the greatest common divisor of 42 and a.
6
Let d be (4 - -1)*1*1. Let k be (d + 0)*(-2 + 3). What is the greatest common factor of 55 and k?
5
Let l = -20 + 43. Suppose 2*d - l = d - 3*g, 3*d = -4*g + 59. Calculate the highest common factor of d and 119.
17
Let u(a) = 63*a - 92. Let g be u(2). Calculate the greatest common factor of g and 17.
17
Suppose 0 = -1283*o + 1276*o + 6272. What is the highest common divisor of 14 and o?
14
Suppose 3*b = 5*i - 126, b = 2*b + 2. Let x = 27 - i. What is the greatest common divisor of x and 12?
3
Let d = 286 - -458. Calculate the greatest common factor of 93 and d.
93
Suppose 0 = 3*m + l - 5*l - 30, -4*l - 12 = 0. What is the greatest common divisor of m and 72?
6
Let y(m) = -m**3 + 23*m**2 + 147*m - 21. Let l be y(28). What is the highest common factor of l and 150?
25
Let r = 683 - 494. Calculate the greatest common factor of 105 and r.
21
Suppose 122*y - 133*y + 1155 = 0. What is the highest common divisor of y and 168?
21
Let l be 0/(-7 - -3) - (-117)/9. Calculate the greatest common divisor of l and 923.
13
Let m(k) = 32*k + 3. Let d be m(1). Calculate the highest common divisor of d and 28.
7
Let i = -1534 + 1624. What is the greatest common divisor of 1980 and i?
90
Suppose -26*w = -2539 - 269. Calculate the highest common divisor of w and 72.
36
Suppose -1 = -g - b - 3, 0 = -2*b. Let m be (-161)/(-49) - g/(-7). Suppose 5*s - m = -u, 2 + 4 = -3*u. What is the highest common divisor of 9 and s?
1
Suppose -35*d + 30*d + 15 = 0. Suppose -6*j = -5*j - d. Calculate the highest common divisor of 6 and j.
3
Suppose 431 + 37 = 36*x. Let v(m) = -9*m**2 + 5*m - 4 - 6*m + 25*m**2. Let p be v(-3). What is the greatest common factor of x and p?
13
Let p be ((-4)/(-6))/(4/18). Suppose 7*a - p*a - 2*u = 0, -a + u = 1. Let b be 14/7 - (-5 - a). Calculate the highest common factor of 32 and b.
8
Suppose 0*r + 4*r - 33 = 5*a, 2*r - 3*a = 19. Suppose r*c = -3*c + 130. Let x = 284 - 206. Calculate the highest common factor of x and c.
26
Let c = -19 - -115. Let q be 165/(-22)*c/(-15). What is the highest common factor of q and 16?
16
Suppose -48 + 4 = -2*w. Let p be (-18)/(-30) + -1 + (-114)/(-10). What is the highest common divisor of p and w?
11
Suppose -62 - 80 = -5*c - 2*t, 5*c - 5*t - 135 = 0. Calculate the highest common divisor of 4 and c.
4
Suppose -56 = 7*n - 0*n. Let x be 6/n - (-747)/36. What is the greatest common factor of x and 80?
20
Suppose b - 347 = t, 0 = -2*b + 4*t + 483 + 219. Calculate the greatest common divisor of b and 147.
49
Let q = 244 - 343. Let g be (0/1 + -1)*q. Suppose -y = -3*y - 2*u + 14, -3*y - 2*u + 25 = 0. What is the highest common divisor of g and y?
11
Suppose -42*f = -45*f + 3*g + 7395, g - 7391 = -3*f. Calculate the greatest common factor of 14 and f.
14
Let k be ((-6)/6)/(-1 - (-12)/9). Let i be (-3)/((-3)/48*-2*k). Suppose 3*a = -4*t + 4, 5*a - 10 = -10*t + 5*t. Calculate the highest common factor of a and i.
4
Let n = 8 + 0. Let q(i) = -i**2 + 7*i - 4. Let c be q(4). Suppose -4*t = p + t + 9, 0 = -4*t - c. What is the highest common factor of p and n?
1
Suppose 2344 = 5*t + 3*k - 3267, -1115 = -t + 3*k. Calculate the highest common factor of 19 and t.
19
Suppose 2 = -2*v, -43*y + 3*v = -39*y - 427. Calculate the highest common factor of y and 901.
53
Suppose 2*h - 1300 + 225 = i, 4*i = 5*h - 2680. Suppose 0*u = -2*u + h. Let r = 201 - 171. What is the greatest common factor of r and u?
30
Let f(a) = -3*a + 21. Let g be f(4). Suppose 42 = g*l - 8*l. Suppose -2*i = -3*v - 31, -3*i + 3*v + 45 = -0*i. What is the highest common factor of l and i?
14
Let p = 35 - 26. Let l be 18*(-3 + 6)/p. What is the highest common factor of l and 42?
6
Let i = 261 - 146. Let r be (3*(-4)/36)/((-2)/138). What is the greatest common factor of r and i?
23
Suppose -108 = -v - 96. Calculate the greatest common divisor of v and 6.
6
Let a(z) be the first derivative of z**2/2 - 8. Let f be a(3). Let x(w) = -6*w - 3. Let b be x(-4). Calculate the highest common factor of f and b.
3
Let t = 2 - 1. Let y = 38 - 22. Suppose -3*c + y = -4*c - 4*d, 21 = 4*c - d. What is the highest common divisor of t and c?
1
Suppose 5*t + 3*g - 300 = 0, 4*t - 6*t + 146 = -4*g. What is the greatest common divisor of t and 7?
7
Let y = -1913 - -2048. Calculate the greatest common divisor of 495 and y.
45
Let n(y) = 11*y**2 + 2*y + 5. Let d be n(4). Let w(u) = 2*u**2 + 31*u + 36. Let o be w(-15). Calculate the highest common divisor of o and d.
21
Suppose 7*b = -0*b + 266. Let f(a) = -7*a - 43. Let o be f(-17). What is the highest common divisor of o and b?
38
Suppose 3*o = -4*i + 65, -i = -2*o - 0*i + 25. Let q be -4 - -1 - (-1 + -12). What is the highest common divisor of o and q?
5
Let f(g) = 35*g**2 + 21*g - 18. Let t be f(6). Calculate the highest common divisor of 72 and t.
72
Suppose -7 = -3*k - 2*w - 5, -3*w - 27 = -3*k. Let b = 36 + k. Calculate the highest common divisor of 30 and b.
10
Let f(o) = -2*o - 4. Let c be 2/5 - (-74)/(-10). Let q be f(c). Let m be (5 - 140/(-12))*3. Calculate the highest common factor of q and m.
10
Suppose 3*s + 2*z = -18, 8*z - 12*z - 28 = 5*s. Let r(y) = 2*y**2 + 13*y + 17. Let i be r(s). What is the highest common factor of 164 and i?
41
Let v = -885 - -891. What is the highest common factor of 78 and v?
6
Let p be ((-17)/(714/(-72)))/((-4)/(-14)). Let v be (-25)/(-7) + (-40)/70. Calculate the highest common divisor of p and v.
3
Let f(p) = -4*p**3 - p**2 - p. Let w be f(-1). Suppose -197 = -w*n + v + 7, -3*n + 136 = -5*v. What is the greatest common factor of 4 and n?
4
Suppose q - 2*o - 987 + 153 = 0, -4*o + 840 = q. What is the highest common divisor of 44 and q?
44
Let w(l) = -l + 10. Let a = -18 - -23. Let v be w(a). Suppose -3*z - 58 = -o, o + 5*z = z + 51. What is the highest common divisor of o and v?
5
Let w(b) = b + 4. Let m be w(0). Suppose 6*h + 2*s = 396, 85*s - 83*s = -4*h + 268. What is the greatest common divisor of m and h?
4
Let k be 2/(3/((-45)/17) - -1). Let d(n) = n**3 + 16*n**2 + 13*n + 33. Let g be d(k). What is the greatest common factor of 7 and g?
7
Let l be (-4)/(-12) + (-602)/(-21). Calculate the highest common divisor of l and 493.
29
Let l be 2382/27 + (-2)/9. Let z(t) be the third derivative of -t**4/6 - 10*t**3/3 - 14*t**2. Let p be z(-7). Calculate the greatest common divisor of l and p.
8
Let i(q) = -13*q + 4. Let l be i(-2). Suppose -l + 0 = -6*d. Suppose 0 = o + d - 14. Calculate the highest common divisor of 18 and o.
9
Let y(g) = g**2 + g - 17. Let k be y(0). Let q = k + 25. Let l be 6/q*(-8 - -20). Calculate the highest common factor of 99 and l.
9
Let p be (8 - 14)*(-16)/4. Let o(m) = -m**3 - 5*m**2 + 5*m - 3. Let f be o(-6). Let g be 208/p - 2/f. Calculate the highest common factor of 40 and g.
8
Suppose 0 = -2*n - 7 + 607. Calculate the highest common divisor of 120 and n.
60
Let m be (-8 - -10) + 15*2/3. Let p be -5*((-192)/(-20))/(-2). Calculate the greatest common divisor of m and p.
12
Let h = 3334 - 2298. What is the highest common factor of 28 and h?
28
Suppose 22*k - 304 = -40. Calculate the highest common factor of 564 and k.
12
Let r = -1 - -3. Suppose -i = -r*i. Suppose -3*b = -2*b + 2*l - 61, -4*b - 4*l + 248 = i. What is the greatest common factor of b and 9?
9
Let v = -25 + 27. Suppose -2 = -j + 3, v*j - 285 = -5*m. Let q(k) = 6*k + 4. Let x be q(3). What is the greatest common factor of x and m?
11
Let i be (-11)/(77/63) - -87. Let j(o) = o**2 - o + 1. Let g be j(-3). Calculate the greatest common factor of i and g.
13
Suppose 3*n - 5*q + q + 64 = 0, 0 = 2*n + 4*q + 56. Let l be 16/(-8)*n/1. Calculate the highest common divisor of 6 and l.
6
Suppose -123*b - 3*d - 27 = -126*b, -3*b + 4*d = -24. Suppose 2*l + 16 = 3*k, 5*l = -3*k - 2*k + 35. Calculate the greatest common divisor of k and b.
6
Let x(a) be the first derivative of a**3 - 3*a**2/2 - 4*a - 12. Let k be x(-3). Calculate the highest common divisor of 4 and k.
4
Suppose 0 = 4*h - 91 + 19. Let x(y) = y + 31. Let c be x(h). Calculate the greatest common factor of c an